is the highest common divisor of 1083 and 228?
57
Calculate the greatest common factor of 3424 and 963.
107
Calculate the greatest common factor of 288 and 156.
12
What is the greatest common divisor of 54 and 804?
6
Calculate the highest common factor of 448 and 238.
14
What is the greatest common factor of 330 and 23595?
165
Calculate the highest common factor of 40 and 10980.
20
Calculate the highest common factor of 212 and 106.
106
Calculate the highest common factor of 6 and 39.
3
Calculate the greatest common factor of 377 and 156.
13
What is the highest common divisor of 36 and 120?
12
Calculate the greatest common factor of 111 and 19869.
111
Calculate the greatest common divisor of 368 and 80.
16
What is the highest common factor of 2338 and 14?
14
What is the highest common factor of 95 and 228?
19
Calculate the greatest common factor of 351 and 13104.
117
Calculate the greatest common factor of 250 and 1375.
125
What is the greatest common factor of 189 and 135?
27
What is the greatest common divisor of 390 and 78?
78
Calculate the greatest common factor of 306 and 18.
18
What is the greatest common divisor of 42 and 651?
21
Calculate the highest common factor of 6 and 26.
2
Calculate the greatest common divisor of 10872 and 27.
9
Calculate the greatest common factor of 2046 and 308.
22
Calculate the greatest common divisor of 32 and 2808.
8
Calculate the highest common factor of 31 and 775.
31
What is the highest common divisor of 720 and 23280?
240
What is the highest common divisor of 5 and 8?
1
Calculate the greatest common divisor of 2872 and 112.
8
Calculate the greatest common factor of 20088 and 24.
24
Calculate the highest common factor of 7 and 1092.
7
Calculate the highest common factor of 17298 and 18.
18
Calculate the highest common divisor of 64 and 6592.
64
What is the greatest common divisor of 3047 and 2216?
277
Calculate the greatest common factor of 7 and 959.
7
Calculate the greatest common factor of 273 and 312.
39
Calculate the highest common divisor of 61500 and 1125.
375
Calculate the highest common factor of 89754 and 42.
42
Calculate the greatest common factor of 185 and 518.
37
What is the greatest common factor of 194 and 6?
2
Calculate the highest common divisor of 1045 and 38.
19
Calculate the highest common divisor of 36 and 10404.
36
What is the greatest common divisor of 336 and 126?
42
Calculate the greatest common factor of 385 and 231.
77
What is the highest common factor of 128 and 104?
8
What is the highest common factor of 95 and 1976?
19
What is the highest common divisor of 18 and 594?
18
Calculate the highest common divisor of 26 and 1638.
26
What is the greatest common divisor of 114 and 1406?
38
What is the highest common divisor of 816 and 8?
8
What is the highest common divisor of 7 and 47?
1
What is the greatest common factor of 81 and 5913?
81
What is the greatest common divisor of 43 and 64457?
43
Calculate the highest common divisor of 54 and 36.
18
What is the highest common divisor of 12639 and 99?
33
Calculate the highest common factor of 1343 and 711.
79
What is the highest common factor of 4779 and 236?
59
What is the highest common factor of 6 and 318?
6
Calculate the highest common divisor of 58 and 754.
58
What is the highest common divisor of 27 and 10233?
27
Calculate the highest common divisor of 1216 and 128.
64
What is the greatest common factor of 168 and 1428?
84
What is the greatest common divisor of 3078 and 405?
81
What is the highest common divisor of 208 and 260?
52
Calculate the greatest common factor of 12 and 9528.
12
Calculate the highest common divisor of 1017 and 81.
9
What is the greatest common factor of 10449 and 108?
27
Calculate the greatest common divisor of 112 and 126.
14
Calculate the greatest common divisor of 20 and 85.
5
Calculate the greatest common factor of 242 and 176.
22
What is the highest common divisor of 1518 and 1794?
138
What is the greatest common divisor of 17 and 2176?
17
Calculate the highest common factor of 3 and 501.
3
Calculate the greatest common factor of 14574 and 210.
42
Calculate the greatest common divisor of 63 and 99.
9
Calculate the highest common factor of 272 and 476.
68
What is the highest common divisor of 14 and 2?
2
Calculate the highest common divisor of 159 and 1855.
53
What is the greatest common divisor of 8 and 1016?
8
What is the highest common factor of 22 and 3168?
22
What is the highest common divisor of 18 and 10?
2
What is the highest common factor of 213 and 4544?
71
What is the highest common factor of 528 and 198?
66
Calculate the greatest common factor of 143 and 299.
13
Calculate the highest common factor of 18308 and 276.
92
Calculate the greatest common factor of 961 and 93.
31
Calculate the highest common divisor of 2128 and 42.
14
What is the greatest common divisor of 2 and 31?
1
Calculate the highest common divisor of 50 and 400.
50
Calculate the greatest common divisor of 217 and 9331.
217
Calculate the highest common divisor of 3355 and 110.
55
What is the greatest common factor of 451 and 99?
11
Calculate the highest common factor of 9 and 207.
9
What is the greatest common factor of 10901 and 11?
11
Calculate the highest common factor of 2106 and 52.
26
What is the highest common divisor of 24 and 2028?
12
What is the highest common divisor of 201 and 67?
67
What is the greatest common factor of 43 and 688?
43
Calculate the greatest common divisor of 15 and 34455.
15
What is the highest common divisor of 460 and 6578?
46
What is the greatest common divisor of 13120 and 384?
64
What is the greatest common factor of 710 and 50?
10
What is the highest common factor of 42 and 1134?
42
What is the greatest common divisor of 267 and 9?
3
Calculate the greatest common divisor of 266 and 56.
14
Calculate the highest common divisor of 120 and 552.
24
What is the greatest common divisor of 16992 and 32?
32
Calculate the greatest common divisor of 35 and 10.
5
What is the greatest common divisor of 1044 and 36?
36
What is the greatest common factor of 20265 and 105?
105
Calculate the highest common factor of 42 and 567.
21
What is the greatest common factor of 264 and 5100?
12
What is the highest common divisor of 13754 and 26?
26
What is the highest common divisor of 14 and 154?
14
What is the highest common factor of 6858 and 36?
18
Calculate the greatest common divisor of 11367 and 54.
27
Calculate the highest common divisor of 33 and 1859.
11
What is the greatest common divisor of 141 and 12?
3
Calculate the highest common divisor of 902 and 44.
22
What is the greatest common factor of 4641 and 3276?
273
What is the greatest common divisor of 16 and 98?
2
What is the greatest common factor of 777 and 525?
21
What is the highest common divisor of 2304 and 72?
72
Calculate the highest common factor of 69 and 1403.
23
What is the highest common factor of 702 and 27?
27
What is the highest common factor of 513 and 54?
27
Calculate the highest common divisor of 72 and 2292.
12
What is the greatest common factor of 216 and 98496?
216
What is the highest common divisor of 11 and 440?
11
Calculate the greatest common divisor of 3628 and 4.
4
Calculate the greatest common factor of 918 and 170.
34
What is the highest common divisor of 1422 and 72?
18
Calculate the highest common divisor of 266 and 494.
38
What is the greatest common factor of 37 and 5069?
37
Calculate the greatest common factor of 648 and 2376.
216
What is the highest common divisor of 5 and 8945?
5
What is the highest common divisor of 310 and 496?
62
Calculate the highest common factor of 24705 and 54.
27
Calculate the greatest common factor of 1670 and 20.
10
Calculate the highest common factor of 132 and 462.
66
Calculate the highest common factor of 170 and 1564.
34
What is the greatest common factor of 8 and 3704?
8
What is the greatest common factor of 48 and 160?
16
What is the highest common factor of 1670 and 70?
10
Calculate the greatest common divisor of 312 and 53976.
312
What is the greatest common divisor of 57 and 114?
57
Calculate the greatest common factor of 301 and 516.
43
What is the highest common factor of 371 and 212?
53
What is the greatest common factor of 1602 and 178?
178
Calculate the greatest common f